{"id":16,"date":"2011-10-10T09:52:53","date_gmt":"2011-10-10T07:52:53","guid":{"rendered":"http:\/\/kanannevet1.wordpress.com\/?page_id=16"},"modified":"2026-02-13T10:54:06","modified_gmt":"2026-02-13T09:54:06","slug":"accueil","status":"publish","type":"page","link":"https:\/\/kanannevet.fr\/blog\/","title":{"rendered":"Accueil"},"content":{"rendered":"<p>&nbsp;<\/p>\r\n<table>\r\n<tbody>\r\n<tr>\r\n<td style=\"text-align: center;\" width=\"614\"><a href=\"https:\/\/kanannevet.fr\/blog\/wp-content\/uploads\/2011\/10\/LOGO-CHORALE.jpg\" rel=\"attachment wp-att-1801\"><img loading=\"lazy\" decoding=\"async\" class=\"aligncenter size-thumbnail wp-image-1801\" src=\"https:\/\/kanannevet.fr\/blog\/wp-content\/uploads\/2015\/09\/LOGO_CHORALE-002-150x150.jpg\" alt=\"LOGO_CHORALE-002\" width=\"150\" height=\"150\" srcset=\"https:\/\/kanannevet.fr\/blog\/wp-content\/uploads\/2015\/09\/LOGO_CHORALE-002-150x150.jpg 150w, https:\/\/kanannevet.fr\/blog\/wp-content\/uploads\/2015\/09\/LOGO_CHORALE-002-300x300.jpg 300w, https:\/\/kanannevet.fr\/blog\/wp-content\/uploads\/2015\/09\/LOGO_CHORALE-002.jpg 320w\" sizes=\"auto, (max-width: 150px) 100vw, 150px\" \/><\/a><\/td>\r\n<\/tr>\r\n<\/tbody>\r\n<\/table>\r\n<h3 class=\"MsoNormal\" style=\"text-align: center;\"><span style=\"color: #0010fa;\">\u00a0 <\/span><span style=\"color: #0010fa;\">Bienvenue sur le site internet de la chorale de Plogonnec : Kan an N\u00e9vet<br \/><\/span><\/h3>\r\n<p><!--more-->\u00a0<\/p>\r\n<p><span style=\"font-size: large;\">\u00a0 \u00a0 \u00a0 Kan an N\u00e9vet, le chant choral en N\u00e9vet, cr\u00e9\u00e9 en mars 2011 est destin\u00e9 \u00e0 rassembler pour le plaisir les amateurs de chants de la r\u00e9gion du N\u00e9vet et de ses environs. <\/span><\/p>\r\n<p><span style=\"font-size: large;\">\u00a0 \u00a0 \u00a0 Notre r\u00e9pertoire s\u2019articule essentiellement autour de la vari\u00e9t\u00e9 fran\u00e7aise, des chants bretons, religieux, profanes et contemporains.<\/span><\/p>\r\n<p><span style=\"font-size: large;\">\u00a0 \u00a0 \u00a0Depuis octobre 2022, Henri Direr, fondateur et chef de ch\u0153ur pendant une douzaine d&rsquo;ann\u00e9es, c\u00e8de sa place \u00e0 Ana\u00efk Rannou, ancienne choriste de la formation. <\/span><\/p>\r\n<p><span style=\"font-size: large;\">\u00a0 \u00a0 Compos\u00e9e de pr\u00e8s de cinquante membres, choristes et musiciens, la chorale se r\u00e9unit r\u00e9guli\u00e8rement le jeudi soir de 18 <\/span><span style=\"font-size: large;\">heures 30 \u00e0 20 heures au foyer communal de Plogonnec.<\/span><\/p>\r\n<p><span style=\"font-size: large;\">\u00a0 \u00a0 Si vous \u00eates tent\u00e9s par l\u2019aventure, il y a toujours de la place dans les quatre pupitres.<\/span><\/p>\r\n<p><span style=\"font-size: large;\">\u00a0 \u00a0 Ana\u00efk saura vous orienter en fonction de votre voix.<\/span><\/p>\r\n<p><span style=\"font-size: large;\">\u00a0 \u00a0 Rejoignez-nous en appelant le : <\/span><\/p>\r\n<p><span style=\"font-size: large;\">\u00a0 \u00a0 0670157420 ou le 0686799177.<\/span><\/p>\r\n<p><span style=\"font-size: large;\">\u00a0 \u00a0 Mail : <\/span><a href=\"mailto:kanannevet29180@gmail.com\"><span style=\"color: #1155cc;\"><span style=\"font-size: large;\"><u>kanannevet29180@gmail.com<\/u><\/span><\/span><\/a><\/p>\r\n<p style=\"text-align: center;\">***********************************************************************************<\/p>\r\n<h4 class=\"western\"><strong>Les partenaires :<\/strong><\/h4>\r\n<p>&nbsp;<\/p>\r\n<p style=\"text-align: center;\"><a href=\"https:\/\/kanannevet.fr\/blog\/wp-content\/uploads\/2026\/02\/Kan-an-Nevet-sponsors-2025.jpg\" target=\"_blank\" rel=\"noopener\"><img loading=\"lazy\" decoding=\"async\" class=\"aligncenter size-medium wp-image-11690\" src=\"https:\/\/kanannevet.fr\/blog\/wp-content\/uploads\/2026\/02\/Kan-an-Nevet-sponsors-2025-300x225.jpg\" alt=\"\" width=\"300\" height=\"225\" srcset=\"https:\/\/kanannevet.fr\/blog\/wp-content\/uploads\/2026\/02\/Kan-an-Nevet-sponsors-2025-300x225.jpg 300w, https:\/\/kanannevet.fr\/blog\/wp-content\/uploads\/2026\/02\/Kan-an-Nevet-sponsors-2025-1024x768.jpg 1024w, https:\/\/kanannevet.fr\/blog\/wp-content\/uploads\/2026\/02\/Kan-an-Nevet-sponsors-2025-768x576.jpg 768w, https:\/\/kanannevet.fr\/blog\/wp-content\/uploads\/2026\/02\/Kan-an-Nevet-sponsors-2025-750x563.jpg 750w, https:\/\/kanannevet.fr\/blog\/wp-content\/uploads\/2026\/02\/Kan-an-Nevet-sponsors-2025.jpg 1500w\" sizes=\"auto, (max-width: 300px) 100vw, 300px\" \/><\/a><\/p>\r\n<p style=\"text-align: center;\">\u00a0<\/p>\r\n<p style=\"text-align: center;\">\u00a0<\/p>\r\n<table border=\"0\" align=\"center\">\r\n<tbody>\r\n<tr>\r\n<td><img loading=\"lazy\" decoding=\"async\" class=\"aligncenter size-full wp-image-3921\" src=\"https:\/\/kanannevet.fr\/blog\/wp-content\/uploads\/2018\/02\/Image1.jpg\" alt=\"\" width=\"159\" height=\"45\" \/><\/td>\r\n<td><img loading=\"lazy\" decoding=\"async\" class=\"aligncenter size-full wp-image-3921\" src=\"https:\/\/kanannevet.fr\/blog\/wp-content\/uploads\/2018\/02\/Image1.jpg\" alt=\"\" width=\"159\" height=\"45\" \/><\/td>\r\n<td><img loading=\"lazy\" decoding=\"async\" class=\"aligncenter size-full wp-image-3921\" src=\"https:\/\/kanannevet.fr\/blog\/wp-content\/uploads\/2018\/02\/Image1.jpg\" alt=\"\" width=\"159\" height=\"45\" \/><\/td>\r\n<\/tr>\r\n<\/tbody>\r\n<\/table>\r\n<p>&nbsp;<\/p>\r\n<p><span style=\"border-radius: 2px; text-indent: 20px; width: auto; padding: 0px 4px 0px 0px; text-align: center; font: bold 11px\/20px 'Helvetica Neue',Helvetica,sans-serif; color: #ffffff; background: #bd081c no-repeat scroll 3px 50% \/ 14px 14px; position: absolute; opacity: 1; z-index: 8675309; display: none; cursor: pointer;\">Enregistrer<\/span><\/p>\r\n<p><span style=\"border-radius: 2px; text-indent: 20px; width: auto; padding: 0px 4px 0px 0px; text-align: center; font: bold 11px\/20px 'Helvetica Neue',Helvetica,sans-serif; color: #ffffff; background: #bd081c no-repeat scroll 3px 50% \/ 14px 14px; position: absolute; opacity: 1; z-index: 8675309; display: none; cursor: pointer;\">Enregistrer<\/span><\/p>\r\n<p><span style=\"border-radius: 2px; text-indent: 20px; width: auto; padding: 0px 4px 0px 0px; text-align: center; font: bold 11px\/20px 'Helvetica Neue',Helvetica,sans-serif; color: #ffffff; background: #bd081c no-repeat scroll 3px 50% \/ 14px 14px; position: absolute; opacity: 1; z-index: 8675309; display: none; cursor: pointer;\">Enregistrer<\/span><\/p>\r\n\r\n<p>&nbsp;<\/p>\r\n","protected":false},"excerpt":{"rendered":"<p>&nbsp; \u00a0 Bienvenue sur le site internet de la chorale de Plogonnec : Kan an N\u00e9vet<\/p><p><a class=\"more-link btn\" href=\"https:\/\/kanannevet.fr\/blog\/\">Lire la suite<\/a><\/p>\n","protected":false},"author":1,"featured_media":0,"parent":0,"menu_order":0,"comment_status":"open","ping_status":"closed","template":"template-onecolumn.php","meta":{"_price":"","_stock":"","_tribe_ticket_header":"","_tribe_default_ticket_provider":"","_tribe_ticket_capacity":"0","_ticket_start_date":"","_ticket_end_date":"","_tribe_ticket_show_description":"","_tribe_ticket_show_not_going":false,"_tribe_ticket_use_global_stock":"","_tribe_ticket_global_stock_level":"","_global_stock_mode":"","_global_stock_cap":"","_tribe_rsvp_for_event":"","_tribe_ticket_going_count":"","_tribe_ticket_not_going_count":"","_tribe_tickets_list":"[]","_tribe_ticket_has_attendee_info_fields":false,"footnotes":"","_tec_slr_enabled":"","_tec_slr_layout":""},"class_list":["post-16","page","type-page","status-publish","hentry","nodate","item-wrap"],"ticketed":false,"_links":{"self":[{"href":"https:\/\/kanannevet.fr\/blog\/index.php?rest_route=\/wp\/v2\/pages\/16","targetHints":{"allow":["GET"]}}],"collection":[{"href":"https:\/\/kanannevet.fr\/blog\/index.php?rest_route=\/wp\/v2\/pages"}],"about":[{"href":"https:\/\/kanannevet.fr\/blog\/index.php?rest_route=\/wp\/v2\/types\/page"}],"author":[{"embeddable":true,"href":"https:\/\/kanannevet.fr\/blog\/index.php?rest_route=\/wp\/v2\/users\/1"}],"replies":[{"embeddable":true,"href":"https:\/\/kanannevet.fr\/blog\/index.php?rest_route=%2Fwp%2Fv2%2Fcomments&post=16"}],"version-history":[{"count":271,"href":"https:\/\/kanannevet.fr\/blog\/index.php?rest_route=\/wp\/v2\/pages\/16\/revisions"}],"predecessor-version":[{"id":11693,"href":"https:\/\/kanannevet.fr\/blog\/index.php?rest_route=\/wp\/v2\/pages\/16\/revisions\/11693"}],"wp:attachment":[{"href":"https:\/\/kanannevet.fr\/blog\/index.php?rest_route=%2Fwp%2Fv2%2Fmedia&parent=16"}],"curies":[{"name":"wp","href":"https:\/\/api.w.org\/{rel}","templated":true}]}}